 p - 4*v. Calculate the remainder when 61 is divided by p.
13
Suppose -3*a = 2*a - 105. Suppose -88 = -3*y + 1010. Suppose y = 6*p - 126. What is the remainder when p is divided by a?
19
Suppose -19 = -2*u + u. Calculate the remainder when u is divided by -7*4/(-224) + 378/48.
3
Let t(f) = 5*f. Let x be 9/(-9)*(-77)/1. Let z = -19 + x. Calculate the remainder when z is divided by t(3).
13
Suppose 0 = -x - 2*x + 30. Let s(h) = h + 5. Let q be s(4). Suppose -q = -4*v + 7. What is the remainder when x is divided by v?
2
Let c(j) be the second derivative of -j**3/6 - 5*j**2/2 + 11*j. Let x be c(-3). Calculate the remainder when 17 is divided by (5/(-3) - x)*21.
3
Let w = 190 - -4. What is the remainder when w is divided by 49?
47
Suppose -8*j + 7 + 25 = 0. Suppose 2*v + 1 + 5 = 0, -s + j*v = -27. Suppose 5*q - 236 = q. What is the remainder when q is divided by s?
14
Let k be 23 + -2 + (-3 - -2). Let x = k - 18. Suppose -x*j - 16 - 28 = -4*l, -l = -3*j - 1. Calculate the remainder when 37 is divided by l.
11
Let v be (10/4)/(6/156). Suppose 6*k - k - v = 0. Calculate the remainder when k is divided by 5.
3
Suppose -8*t + 67 = -53. Suppose 0 = -g - 4*x + 17, 3*x + 39 = -g + 6*g. Suppose g + 23 = 4*q. Calculate the remainder when t is divided by q.
7
Let n = 40 - -110. Suppose 10*d - n = 4*d. Calculate the remainder when 97 is divided by d.
22
Let j be (-1)/((-2)/((-204)/(-2))). Let i be (34 - 4)*(0 + 4 - 5). Let y = i + j. What is the remainder when 60 is divided by y?
18
Let c be (2 - 0)/(4 - (4 + -1)). Suppose -26 = -u + c. What is the remainder when 79 is divided by u?
23
Suppose 5*i - 1320 = -5*i. Suppose -5*o = o - i. What is the remainder when o is divided by 6?
4
Suppose 15 = g + 4*g. Let p be (g - 3)/2 + 3. Let j = p - -15. Calculate the remainder when 35 is divided by j.
17
Let o(p) = -p**3 + 12*p**2 - 32*p + 155. What is the remainder when o(7) is divided by 45?
41
Let b(u) = -2*u**3 - 2*u**2 - 3*u - 5. Let h be b(-3). Let s = h + -25. What is the remainder when 42 is divided by s?
12
Suppose -3*t + 8*t = 85. Suppose n - t = -2*c, 14 = -4*c + 6. Let j = n - 12. Calculate the remainder when 24 is divided by j.
6
Suppose -7*m + 150 = 8*m. Calculate the remainder when 24 + 4/2 + 0 is divided by m.
6
Calculate the remainder when 185 is divided by (-375)/(-5) - (77/7 - 6).
45
Suppose 4 = 4*i + 8. Calculate the remainder when (-23)/((-6)/3 - i) is divided by 6.
5
Suppose -2 = d - 25. Calculate the remainder when d is divided by 6.
5
Let o be 0 + 1/(1 - 0). Let w(f) = 3*f**2 - f + 2. Let g be w(o). Suppose g*s - 326 = -114. Calculate the remainder when s is divided by 18.
17
Let h(y) = -2*y**2 + 20*y - 2. Calculate the remainder when 75 is divided by h(9).
11
Let y = -264 + 277. Suppose -w - 117 + 4 = -3*t, -25 = 5*w. Calculate the remainder when t is divided by y.
10
Let v(l) = -l**3 - 11*l**2 + 3*l - 16. Let p be v(-12). Suppose 5*t = 33 + p. Suppose 7*g = 2*g + t. Calculate the remainder when 13 is divided by g.
3
Suppose 7 = -5*z + 4*u, -13 = -0*z + 3*z + 2*u. Calculate the remainder when 29 is divided by 16/2 + (-2)/(-3)*z.
5
Let i be 347/15 + (-6)/45. Suppose 0 = -w + 4*z + 18 + i, 0 = -2*w - z + 73. What is the remainder when w is divided by 20?
17
Suppose 0 = 4*l - 3*m - 33, -3*m + m - 36 = -5*l. Let s = l - -2. What is the remainder when 30 is divided by s?
6
Suppose h = 79 - 75. Let k = 16 - 9. Suppose -51 = -k*c + h*c. Calculate the remainder when c is divided by 5.
2
Let n = 29 + -15. What is the remainder when 71 is divided by 166/7 - (-4)/n?
23
Let f(m) = -m**3 - 7*m**2 - 2*m - 2. Let y = 42 - -6. Let w = y + -41. What is the remainder when f(-7) is divided by w?
5
Let q = 61 + 202. Suppose -623 = -5*h - 4*m, -q + 15 = -2*h - m. Calculate the remainder when h is divided by 42.
39
Let h = 352 - 327. What is the remainder when 41 is divided by h?
16
Suppose -3*c + 5*u = -52, 5*c + 4*u - 8*u = 91. Suppose 120 = -4*h + 2*h. Calculate the remainder when c is divided by h/(-8)*(-8)/(-6).
9
Let n = -6 + -5. Let a = -32 - n. Let s = a + 42. What is the remainder when s is divided by 8?
5
Let l(y) = -y**3 - y**2 - y - 5. Let f be l(0). Let n(x) = -x + 2. Let t = -4 + 9. What is the remainder when n(f) is divided by t?
2
Let c = 299 + -294. What is the remainder when (-3 + 0)/(3/(-48)) is divided by c?
3
Let c(v) = -v**3 - 8*v**2 - 10*v + 3. Let o = -72 - -143. Calculate the remainder when o is divided by c(-7).
23
What is the remainder when 12 is divided by (9/(-6) - -2)/(6/24)?
0
Suppose -4*j = 3*f - 504, -j - 5*f = -5*j + 504. Suppose -4*t + w + w = -172, -4*t = 5*w - 172. What is the remainder when j is divided by t?
40
Let v = 95 - 187. Let s = -61 - v. Let l = 5 + 6. What is the remainder when s is divided by l?
9
Let m(i) = 141*i + 26. Calculate the remainder when m(2) is divided by 45.
38
Suppose 20 + 232 = 12*q. Calculate the remainder when q is divided by (-17)/(-4) + 3/(-12).
1
Suppose 2*s = 5*i + 11, 0 = 10*s - 14*s + 2*i + 30. Suppose 5*d + 237 = s*d. Suppose -5*c = -100 - 35. What is the remainder when d is divided by c?
25
Let d(c) = 2*c**2 - 57*c - 199. Calculate the remainder when d(34) is divided by 8.
7
Let f = 65 - 341. Let w = 11 + -6. What is the remainder when (-6)/(-8) - f/16 is divided by w?
3
Suppose 0 = 15*j - 24*j + 3231. Calculate the remainder when j is divided by 36.
35
Suppose -8 = -7*o + 3*o. Suppose h - o = 20. Let s = h - 0. Calculate the remainder when s is divided by 13.
9
Let h = 24 + -19. Let s = h + -2. What is the remainder when 4 is divided by s?
1
Let n(h) = 2*h**2 + 2*h - 53. Calculate the remainder when 56 is divided by n(-7).
25
Let s(y) = -2*y**2 - 47*y - 8. Calculate the remainder when s(-11) is divided by 16.
11
Let a = -15 - -30. Let z be 2/(-5) + 291/a. Let p = z + -9. What is the remainder when p is divided by 3?
1
Let d = 16 + 17. Let j be 4 + (1 - -3 - 3 - -2). What is the remainder when d is divided by ((-18)/j)/(15/(-70))?
9
Suppose -3*a - 6 = -5*a. Suppose -5*h + 2*m = -52, 0 = -2*h + a*h + 2*m - 8. Calculate the remainder when h is divided by (-8)/(-3)*9/6.
2
Let q(l) = -6*l + 2. Let h be q(1). Let o be h/36*-3*3. What is the remainder when 14 is divided by 4/(o - (-3)/(-6))?
6
Suppose -6*f + 3*f = -12. Let x = f - -32. What is the remainder when x is divided by 10?
6
Suppose -9 = i - 4, -i - 55 = -5*z. Suppose -z*g + 11*g = 77. What is the remainder when g is divided by 13?
12
Let k(j) = -j**3 + 2*j**2 + 678*j + 12. Let s = -20 + 54. Suppose -3*l + 4*l = s. What is the remainder when l is divided by k(0)?
10
Let m = -60 - -105. Suppose 5*s = 0, 4*s - m = -l - 4*l. Suppose -5*c + 13*c = 280. Calculate the remainder when c is divided by l.
8
Suppose -146 = 7*s - 370. Suppose 0 = -p - 4, -2*c + 2 = -2*p - 24. What is the remainder when s is divided by c?
5
Let p = 10 - 1. Suppose 2*f + 0*f = 30. Calculate the remainder when f is divided by p.
6
Suppose -1005 = -36*a - 285. What is the remainder when 158 is divided by a?
18
Let r be ((-12)/10)/((-18)/(-60)). Let a = 3 - -11. What is the remainder when 5/((r/(-5))/4*1) is divided by a?
11
Let l(w) = -2*w**2 + 46*w + 18. Calculate the remainder when l(23) is divided by 2 - (1 + -2 + -3).
0
Let j = 94 - 55. Suppose -2*y - 3*y + 360 = 0. What is the remainder when y is divided by (325/j)/((-1)/(-3))?
22
What is the remainder when (4 - 2)*(-237)/(-6) is divided by 14 - (-3)/(-9)*-6?
15
Let m = 151 - 135. What is the remainder when 73 is divided by m?
9
Let o = 60 + 25. Let k be (-10)/(-4)*((-1452)/(-5))/3. Let a = k - 213. What is the remainder when o is divided by a?
27
Suppose 5*g + 0*g = 70. Let v(s) = s - 12. Let a be v(13). Calculate the remainder when (a - -12)*(16 - 13) is divided by g.
11
Let x = -1279 + 1284. What is the remainder when 782 is divided by x?
2
Suppose -567 = -3*z + 2*u, 4*u + 929 = 5*z - 18. Let g = z - 117. What is the remainder when g is divided by 4/(-1 - (-11)/9)?
16
Let a = 27 + -8. Let y = a + -6. Calculate the remainder when 14 is divided by y.
1
Let n = -44 + 35. Let y be 1 + (-3 - n) + -2. Suppose 5*j = -y*z + 160, 3*j = -3*z + z + 97. What is the remainder when j is divided by 17?
16
Let h(k) = -k - 1. Let l be 1*2 + 21/7. Let d be h(l). Let a = 4 - d. Calculate the remainder when 34 is divided by a.
4
S